tors of (1 + 0)*354*4/8?
3, 59
Let y(u) = -2*u + 1. Let z be y(-1). Let l(s) = -2*s - 2 + z*s - s**2 - 8*s. What are the prime factors of l(-6)?
2
Let d(o) = 5*o - 2. Let g be d(7). Suppose 5*l + 3*q - 65 = -2*q, 3*l - 3*q = g. What are the prime factors of 4/l + 24/9?
3
Suppose -7*s + 60 = -5*s. What are the prime factors of s?
2, 3, 5
Let d(q) = 2*q**2 - 7*q - 85. List the prime factors of d(-9).
2, 5, 7
Suppose 0 = i + 4*m + 6, -4*i = -5*m - 11 - 49. Let n = i - -10. List the prime factors of n.
2, 5
Suppose 0 = 5*n - 3*f - 608, -5*n + 535 + 66 = 4*f. List the prime factors of n.
11
Let u = -2 + 22. List the prime factors of u.
2, 5
Let f = 41 - 11. Suppose f = 2*h - 0*h. What are the prime factors of h?
3, 5
Let w(c) = c + 1. Let f be w(3). Suppose -3*l = 5*b - 9 - 18, 0 = -4*l - f*b + 28. List the prime factors of l.
2
Suppose 3*o = c - 75, 4*c - 300 = -0*o - o. What are the prime factors of 1/(c/(-39) - -2)?
13
Suppose 14*y - 11*y - 729 = 0. What are the prime factors of y?
3
Suppose -5*m = 3*c - 6, -4*c + 11 = 3*m + 3. Suppose -q + 0 + 3 = 0, 0 = 3*l - c*q - 18. Let d = l + -6. List the prime factors of d.
2
Suppose 0 = b - 5*b + 356. List the prime factors of b.
89
Suppose 3*a = -0*a. Let s = 0 + 5. Let q = s - a. What are the prime factors of q?
5
Let z be -24 - (-3 - 9/(-3)). Let p be (-32)/z*1*3. Suppose -3*j + 6 = -4*c + 4, 0 = c - p. What are the prime factors of j?
2, 3
Let a = 6 + -4. Suppose 8 + a = b. Suppose 4*x + b = 66. List the prime factors of x.
2, 7
Suppose 12*m = 2004 + 1932. List the prime factors of m.
2, 41
Let q(t) = 7*t + 2. Let n be (6 - 2)*(-1 + 2). Suppose 0 = 3*l - 2 - n. What are the prime factors of q(l)?
2
Suppose 0 = 2*h + 2*h. Suppose -n + 3 = h, -u - 3*u + 2*n + 2 = 0. List the prime factors of u.
2
Suppose h - q = 9 + 25, 0 = h + 2*q - 40. What are the prime factors of h?
2, 3
List the prime factors of (9/(-6))/((-306)/(-104) + -3).
2, 13
Let n(a) = a**3 + 2*a**2 + 2*a - 4. Let j be n(-4). Let v = -25 - j. What are the prime factors of v?
19
Suppose -2 = 2*s - 16. Let n = 18 + -6. Let j = n - s. What are the prime factors of j?
5
Let p = 15 + 19. List the prime factors of p.
2, 17
Let g(c) = -c**2 - 2*c + 1. Let w be g(-3). Let m = w + 5. Suppose m*i + 5*y = 1 - 2, 5*y = i - 33. List the prime factors of i.
2
Suppose 0*z - 44 = -4*z + 4*j, -3*z - 5*j = -1. List the prime factors of z.
7
Let g(w) = -w**3 + w**2 + 28. List the prime factors of g(0).
2, 7
Let f be (3 + 7)*4/8. Let g(v) = v**3 - 4*v**2 - 4. What are the prime factors of g(f)?
3, 7
Let j(u) = -u**2. Let s be j(-3). What are the prime factors of 30/4*(-12)/s?
2, 5
Let h(i) = 8*i**2 + 3*i - 6. What are the prime factors of h(-4)?
2, 5, 11
What are the prime factors of (4 + -1)*(-480)/(-18)?
2, 5
Suppose -3*q + 4*y - 91 = 0, 17 = -2*q + 2*y - 41. Let w be 21/5 + 5/q. List the prime factors of 0 + 5 + w/2.
7
Let f = 125 + -12. What are the prime factors of f?
113
List the prime factors of (14 + -7)*4*11/2.
2, 7, 11
Let i(p) = -p**2 - 5*p + 7. Let r(t) = t**2 + 2*t + 3. Let c be r(-3). Let b = c + -11. List the prime factors of i(b).
7
Let o(y) = -y**2 + 8*y + 2. Let t be o(8). Suppose h = t*h - 7. Let c = 4 + h. What are the prime factors of c?
11
Let l(r) be the second derivative of r**4/12 + 2*r**2 - r. Let p be l(0). Suppose p*k - 11 = -4*a + 21, 3*k = -5*a + 24. What are the prime factors of k?
2
List the prime factors of (259/(-14))/((-1)/2).
37
What are the prime factors of -1 - -1 - (-120)/2?
2, 3, 5
Suppose 5*t - 22 = 8. Let o(y) = y**2 - 3*y - 2. Let r be o(t). Suppose m = -m + r. What are the prime factors of m?
2
Suppose 2*i + 3*i + 10 = 0. What are the prime factors of (-9)/3 - (i - 27)?
2, 13
Suppose 5*p + 0*p = 3*l + 17, 0 = 2*l - 2. Suppose -12 = -4*d - p. Suppose -y + d*y = 4. What are the prime factors of y?
2
Suppose 12*i - 9*i - 51 = 0. List the prime factors of i.
17
Suppose 4*x - 32 - 12 = 0. Let y = x + 0. List the prime factors of y.
11
Let w = 140 - 35. List the prime factors of w.
3, 5, 7
Suppose 0 = f - 5*f - 20, 4*f + 20 = 5*m. Suppose 55 = -m*y + 5*y. What are the prime factors of y?
11
Let b(h) = h**2 + 10*h - 23. List the prime factors of b(12).
241
Let w(u) = -12*u + 2. Let f be w(-2). Let k = 44 - f. Suppose -2*v - v = -k. What are the prime factors of v?
2, 3
Let w = -2 + 3. Suppose w = 2*l - 3. Suppose 10 = l*i - 6. What are the prime factors of i?
2
Let z = 10 - 5. Suppose 16 = -p + r, 2*p - z = 5*r - 22. Let w = -14 - p. List the prime factors of w.
7
List the prime factors of ((-5)/(-3))/(-2 - (-127)/63).
3, 5, 7
Suppose -6*l + 464 = 2*l. List the prime factors of l.
2, 29
Let f(s) = 2*s**3 - 3*s**2 + s - 2. Let w be f(2). Suppose w*n + 7 = 5*n - 3*i, -1 = -5*n - 2*i. List the prime factors of n/(-4) + (-66)/(-8).
2
List the prime factors of -7*(1 + (-346)/14).
2, 83
Let v be 2/(-5) + (-2220)/(-50). Suppose 4*q + 4*a - v = -0*a, 2*a = 3*q - 58. List the prime factors of q.
2
Suppose 4 - 14 = -w. Let z = w + -4. What are the prime factors of -1*(-2)/(z/21)?
7
Let u(j) = j**2 - 2*j - 3. Let t be 2/(-4) + (-22)/(-4). Suppose 2*z = -t*d + 28, -d - 7 = 3*z - 23. What are the prime factors of u(z)?
5
Let z = 9 + -9. Suppose 0 = 2*g - 2*f - f - 4, -2*g - 2*f + 4 = z. Suppose -2 = -g*q + 14. List the prime factors of q.
2
List the prime factors of (-16)/36 - (-3260)/45.
2, 3
Suppose 0 = 4*h - 229 - 215. List the prime factors of h.
3, 37
Suppose -2*l = 3*l - 115. Suppose -24*o = -l*o - 20. List the prime factors of o.
2, 5
What are the prime factors of (-4)/34 - 3155/(-85)?
37
Suppose -2*k - 10 - 6 = 0. Let m be -1*(2 + 39)*k. List the prime factors of 8/(-36) - m/(-18).
2, 3
Suppose 14 = -2*t + z + 2, 0 = -4*t - 4*z - 48. Let v = t - -10. List the prime factors of v.
2
Let v(k) be the second derivative of k**5/20 + k**4 + 2*k**3 + 15*k**2/2 + k. List the prime factors of v(-11).
2
Let f(v) = -v**3 + 3*v**2 + 2*v - 3. Let d be f(3). Let r(k) = -k**3 - 11*k**2 - 9*k. Let c be r(-10). List the prime factors of 1*-2 - (c + d).
5
Let h be ((-5)/2)/(1/(-6)). Let a = -12 - -5. Let k = a + h. What are the prime factors of k?
2
Let b = 15 + 19. What are the prime factors of b?
2, 17
Let z be 10/(-45) - 40/(-18). Let y = z - -5. Suppose s - y = -0*s. What are the prime factors of s?
7
Suppose -3*a + 2 = -7. Let n = a + 2. Suppose -n*m + 10*m = 20. What are the prime factors of m?
2
Suppose 61 = -46*i + 47*i. What are the prime factors of i?
61
Let n = -4 - -5. Suppose n = -3*i - 2*r, i - r - 5 = 3. List the prime factors of i.
3
Let u(q) = -q + 7. Let r be u(9). Let n be 33/6 + (-1)/r. List the prime factors of (-20)/(-8) - n/(-4).
2
Let f be (-15)/6*(-12)/(-15). Let z(o) = -3*o - 3. Let s be z(f). Suppose -2*t = 3*w - 3*t - 18, -33 = -s*w - 4*t. What are the prime factors of w?
7
Suppose -q - 7 = -n - 1, 5*q - 3*n + 30 = 0. Let s be (30 - 2)/(q/(-6)). Suppose 5*m + a = 65, -s = -4*m - 0*m + 4*a. What are the prime factors of m?
2, 3
Let g be ((-2)/(-4))/(1/2). Let o be 0 - (g - (-1 + 2)). What are the prime factors of o - (20/(-2) + -2)?
2, 3
Let g(c) = -21*c - 12. List the prime factors of g(-8).
2, 3, 13
Let j = -10 + 50. Let y = j + -21. List the prime factors of y.
19
Suppose 4*z + 0*z - 4*o - 128 = 0, 118 = 4*z + o. List the prime factors of z.
2, 3, 5
Let d(q) = -2*q**2 + 16*q + 3. List the prime factors of d(8).
3
Suppose 5*g = 2*d - 19, 2*d + 13 - 2 = -5*g. What are the prime factors of d?
2
Suppose 10 = 2*b, 0 = -5*h + b - 3*b + 45. Suppose 0 = -h*c + 5*c + 96. What are the prime factors of c?
2, 3
Let t(d) = d**2 + 5*d + 4. Let m be t(-5). Suppose -3 + 15 = m*k. Suppose -16 - 11 = -k*v. List the prime factors of v.
3
Let q be (-3)/((-6)/20)*1. Suppose 5*h - q - 15 = 0. Suppose -4*s + 3*s = -h. List the prime factors of s.
5
Let r be 1/((-1)/1) - -3. Let z(s) = -s**2 + 3*s + 30. Let j be z(7). Suppose -2*l - 4*c - r = 0, j*l + 2*c - 13 = 3*c. What are the prime factors of l?
5
Suppose -3*q = -5*h + 47, -h - q = q + 1. Let c = -5 + h. What are the prime factors of c?
2
Suppose -3*x + 74 = -91. What are the prime factors of x?
5, 11
What are the prime factors of (-73287)/(-204) - 1*6/(-8)?
2, 3, 5
Let y(b) = -10 - 3*b + 3*b + 2*b + 14. What are the prime factors of y(7)?
2, 3
Let n be 2/((1 + 1)/2). Suppose -2*x 